*j**3 + j - 1. Let g be b(1). Let d = g - -16. List the prime factors of d.
7
Let w = 12 + -7. What are the prime factors of w?
5
Suppose m = 7 + 1. Let d = m + -4. Suppose -u + 0*u - d*l = -27, 2*l = u - 15. List the prime factors of u.
19
List the prime factors of (-3 - 83/(-2))/((-3)/(-6)).
7, 11
List the prime factors of (2/(-6))/((-5)/330).
2, 11
Suppose 2*t - 36 = -v, 0*t = -5*v - t + 225. What are the prime factors of v?
2, 23
Let q = -49 - -112. What are the prime factors of q?
3, 7
Suppose 5*m + 20 = q, -5*q = 3*m + 2*m - 10. Suppose 48 = q*p - 2*f - 34, 0 = -2*p + 3*f + 35. List the prime factors of p.
2
List the prime factors of (-12)/(-5)*(-50)/(-4).
2, 3, 5
Suppose 0*s = -4*s + 8. Let q(z) = z**3 - z**2 + 2*z. Let u be q(2). Suppose s*o + u = 4*o. What are the prime factors of o?
2
Suppose a - 16 = -0*a. Let f = -23 + a. What are the prime factors of (-132)/(-21) + 2/f?
2, 3
Suppose -5*q + n = 4*n - 300, 2*n = 0. List the prime factors of q.
2, 3, 5
Let g = -427 - -639. What are the prime factors of g?
2, 53
Let t be 29/(-6) + (-3)/18. List the prime factors of 2 + (4/2 - t).
3
Suppose 2*n + 4*v = 16, 9 = 4*v + 1. Let w be (-2)/n + 1/2. Let f = 6 - w. What are the prime factors of f?
2, 3
What are the prime factors of 19 + -1 - ((1 - -4) + -3)?
2
Suppose -2*m + 912 = 14*m. What are the prime factors of m?
3, 19
List the prime factors of (-4734)/(-90) - ((-6)/(-10) - 1).
53
Let o(h) = 2*h**3 - 5*h + 7. Let z be o(-6). Let c be z/(-15) - 1/3. Suppose 0*k - 2*k = -c. What are the prime factors of k?
13
Let y(a) = -a**2 + 4. Let s be y(-3). Let r be 1*(s + 2)*-1. Suppose r*k - k - 4 = 0. List the prime factors of k.
2
Let l(i) = -i**2 - 8*i + 2. Let y be l(-8). Let d(o) = -3*o**y + 4 + 2*o**2 + 2 + 6*o. List the prime factors of d(5).
11
Suppose -3*u + 200 = 4*r, -2*r + 6*u = 3*u - 82. List the prime factors of r.
47
Let m = 19 - 10. List the prime factors of m.
3
Suppose -5*g - 87 = -8*g. List the prime factors of g.
29
What are the prime factors of (-1242)/(-30) + (-2)/5?
41
Suppose -1 = n + 1. List the prime factors of -1 - ((n - 1) + -3).
5
Let w(p) = -p**2. Let z(q) = -6*q**2 - 3*q - 3. Let f(v) = 5*w(v) - z(v). Suppose -d = -2*d - 5. List the prime factors of f(d).
13
Suppose 3 = 2*n - h - 4, 2*n - 19 = 5*h. Suppose 0 = 2*m - 2*v - 0*v + n, 20 = -5*v. List the prime factors of 18/(-3 + (0 - m)).
3
Let g(z) be the first derivative of -z**4/12 - 2*z**2 + 2. Let t(j) be the second derivative of g(j). List the prime factors of t(-7).
2, 7
Suppose -2 - 3 = -5*d. Suppose z = -z - 2. List the prime factors of (d*z)/(6/(-18)).
3
Suppose -3*o - 74 = -6*o + 4*x, -76 = -3*o + 2*x. What are the prime factors of o?
2, 13
Suppose -2*c = -6*l + l + 140, 0 = -l - 2*c + 28. List the prime factors of l.
2, 7
Suppose 15 = 2*y + y + 3*r, y - r = 11. Suppose h - 8 - y = 0. What are the prime factors of h?
2
Let a(p) = 4*p**2 - 8*p + 6. What are the prime factors of a(5)?
2, 3, 11
Let l(y) = 5 - 2*y + 5*y - y + 2*y**2 - y**2. Let u be l(-7). Suppose u = 3*o - 4*f, 5*f = -3*o + o - 4. List the prime factors of o.
2
Let r = -13 + 14. Suppose d - 19 = r. List the prime factors of d.
2, 5
Suppose -j = 5*j - 126. What are the prime factors of j?
3, 7
Let h = 12 + -22. Let i = h - -15. What are the prime factors of i?
5
Suppose -2*s = 4*x - 0*s + 62, 0 = x - 5*s + 21. Let m = -28 - x. List the prime factors of 46/6 + 8/m.
7
Let k(d) = 18*d**2 + 3*d + 2. Let r be k(-1). Let t = r - 10. What are the prime factors of t?
7
Let r be 8/(-36) + 43/(-9). Let p(a) = a**3 + 5*a**2 - 3*a + 3. List the prime factors of p(r).
2, 3
Suppose 6*b + 293 = 7*b - 2*z, 0 = -2*b + 2*z + 580. What are the prime factors of b?
7, 41
Let b(c) = 156*c**2. What are the prime factors of b(1)?
2, 3, 13
What are the prime factors of 6/(-8) - (-91)/4?
2, 11
Let b = 19 - 29. Let a be 4/(-5)*b/4. Suppose 2 - 8 = -a*z. List the prime factors of z.
3
Let l(s) = 101*s**2 + s. List the prime factors of l(-1).
2, 5
Let b(n) be the second derivative of -n**3/3 - n**2/2 - 6*n. What are the prime factors of b(-5)?
3
Let q be 2/10*2*5. Suppose -l - q*b + 13 = -11, 26 = l + 3*b. List the prime factors of l.
2, 5
Let a(h) = -15*h**3 + 10*h**2 - 7*h + 16. Let t(g) = -7*g**3 + 5*g**2 - 3*g + 8. Let i(p) = 6*a(p) - 13*t(p). List the prime factors of i(6).
2, 5
Suppose 3*n + k = 3*k + 89, 4*n + k - 126 = 0. Let w(y) = -2*y**2 - 3*y - 1. Let m be w(-4). Let j = n + m. List the prime factors of j.
2, 5
Let w = 36 + 9. What are the prime factors of w?
3, 5
Let f(x) = x**3 + 9*x**2 - 11*x + 3. List the prime factors of f(-10).
13
Let q(r) = r**3 + 2*r**2 - 4*r - 4. Let m be q(-3). Let y = m + 2. Suppose v + y = 6. What are the prime factors of v?
5
What are the prime factors of (-66)/44*(-772)/6?
193
Let s = 59 - -10. Suppose -5*r = 4*w - 99 + 24, s = 4*w + 3*r. List the prime factors of w.
3, 5
Let b = -20 - -2. Let q be 6/21 + (-172)/14. Let y = q - b. What are the prime factors of y?
2, 3
Let w(j) = -j**2 - 9*j - 3. Let n = -4 + -8. Let i be n/2 - (-4 + 4). List the prime factors of w(i).
3, 5
What are the prime factors of 33/(-2)*(-4 - 8/(-3))?
2, 11
Suppose 196 = 2*a - 4*q, a - 6*a = 3*q - 425. What are the prime factors of a?
2, 11
Let t(s) = s**3 - s**2 - 4. Let m be t(0). Let i(d) = -2*d + 5. List the prime factors of i(m).
13
What are the prime factors of (2/(-6))/((-12)/4068)?
113
Suppose 78 = 3*j - 105. What are the prime factors of j?
61
Let h be -1 - (-2)/(6/51). Let g be 4*(5/(-2))/(-5). Let r = h + g. List the prime factors of r.
2, 3
Let y be -3 + 4 + (-16)/(-2). List the prime factors of y - (-1 - (-1 - 1)).
2
Let s(w) = -w**3 - 6*w**2 - 6*w + 6. What are the prime factors of s(-6)?
2, 3, 7
Suppose -h + 113 = 2*i, -5*h + 2*h + 363 = -2*i. What are the prime factors of h?
7, 17
Let o = -4 + 0. Let z be o/22 - 48/(-22). Suppose -z*v - 16 = 4*d, v + 2*d + 6 = -v. List the prime factors of v.
2
Let u = -45 - -98. List the prime factors of u.
53
Suppose 5*y - 15 = 5. Suppose 3*b - 20 = 2*f, -2*f + 20 = y*b + 2*f. Suppose 1 = p - 3*d - b, -22 = -2*p - 2*d. List the prime factors of p.
2, 5
Let s = 54 - -6. Let n = s + -42. What are the prime factors of n?
2, 3
Let p(q) = q**3 - 9*q**2 + 9*q - 5. Let y be p(8). Let i(g) = 10*g**3 - g**2 - g + 1. Let z be i(1). Suppose 2*r + z = y*r. What are the prime factors of r?
3
Suppose 8*l + 180 = 11*l + 3*t, t + 312 = 5*l. What are the prime factors of l?
2, 31
Let d be ((-8)/(-10))/(1/5). Suppose -b - 3*c = d*b - 81, -4*b + 69 = c. Let w = -4 + b. List the prime factors of w.
2, 7
Let j be ((-2)/3)/((-9)/54). Suppose a - 2 - 44 = -4*r, -4*a = -j*r - 84. List the prime factors of a.
2, 13
Let p = -1 - -1. Let j = p + 3. Suppose -20 = j*a - 5*a. List the prime factors of a.
2, 5
Let m = -15 + 19. Suppose v - 3*a = 5*v - 137, -m*a = -5*v + 179. What are the prime factors of v?
5, 7
Let h(g) be the third derivative of -g**5/60 - 7*g**4/24 + 3*g**3/2 + 3*g**2. What are the prime factors of h(-7)?
3
Let m = 77 + -25. What are the prime factors of m?
2, 13
Let t be -3 - (-1)/((-1)/(-13)). List the prime factors of t/4*290/25.
29
Let d be (1/2)/(1/58). Let m = d - 2. List the prime factors of m.
3
Let u be (((-14)/1)/1)/(-2). Suppose -4*q = 0, 2*q - 40 = -u*s + 3*s. What are the prime factors of s?
2, 5
Let c(z) = -z**3 + 7*z**2 + 4*z - 6. Let f(u) = u**3 - 6*u**2 - 3*u + 5. Let s(m) = -4*c(m) - 5*f(m). What are the prime factors of s(-2)?
17
Suppose 3*z - 16 = 4*c, -5*z + 4*c + 23 = c. Let u = z + 16. What are the prime factors of u?
2, 5
Suppose 0*n + 2*n = 0. Suppose 4*g + 11 = d, d - 5*d + 5*g + 22 = n. Suppose l + 4*l = d*r + 84, 3*l + 4*r = 33. List the prime factors of l.
3, 5
Let n(c) = c**2 - 7*c - 2. Let b be n(5). Let q(i) = -i**2 - 16*i - 17. List the prime factors of q(b).
31
Suppose -2*u - i + 293 = 0, -5*u - 6*i = -2*i - 737. What are the prime factors of u?
5, 29
Suppose -f - 4*t = t - 15, -2*f + 6 = -2*t. List the prime factors of f.
5
Suppose -27 = -p - 4*i, 4*i = -4*p + 208 - 64. List the prime factors of p.
3, 13
Let f(g) = 13*g + 4. List the prime factors of f(3).
43
Let a(y) = -y**3 + 5*y**2 + 19*y. List the prime factors of a(7).
5, 7
Let x(l) = -l**3 + 3*l**2 + l - 4. Let s be x(3). Suppose 8*b + 72 = 2*b. List the prime factors of (-15